ppose -13*c + h = -11*c. What is the greatest common divisor of 20 and c?
20
Suppose -37*h + 24653 = -22966. What is the greatest common factor of h and 156?
39
Let x = -64 - -69. Let y(q) = 5 + x + 27*q - 25*q. Let k be y(6). Calculate the greatest common factor of 44 and k.
22
Let p(o) = -24*o - 102. Let s be p(-8). Suppose 4*q = 4*k - 268, 0 = 5*k + q - 221 - s. Calculate the greatest common divisor of k and 147.
21
Suppose 84 = 4*i + 48. Let j(b) = -5*b + 48. Let q be j(i). Calculate the greatest common divisor of q and 69.
3
Suppose -29 - 134 = -h. Let s = 173 - h. Calculate the highest common factor of s and 20.
10
Let y(k) = 247*k**2 - 949*k - 13. Let w be y(4). What is the highest common factor of w and 55?
11
Let c(g) = 4*g**2 - 27*g + 59. Let r be c(3). Let m(a) = a**3 + 9*a**2 + 3*a + 1. Let x be m(-6). Calculate the highest common divisor of x and r.
7
Let k(y) = y + 15. Let j be k(-10). Let i = -210 + -16. Let v = i - -246. What is the highest common divisor of v and j?
5
Let c(p) = p - 4. Let n be c(8). Suppose -n*t - 12 = -3*r + 8, 4*r - t = 18. Calculate the greatest common factor of 68 and r.
4
Let g be 1 - (-2 - 1 - 136). Let x(o) = -7*o + 152. Let v be x(22). Let z be ((-344)/(-215))/(v/(-25)). What is the highest common divisor of z and g?
20
Let g(l) = 13*l**2 + 80*l + 14. Let f be g(-8). What is the greatest common divisor of 309 and f?
103
Suppose -5 = -21*u + 20*u. Suppose 4*x + 239 = u*i, -25 = i + x - 71. Let k = 1217 - 700. Calculate the greatest common factor of i and k.
47
Suppose n = 5, -9 + 6 = -3*f + 3*n. Suppose 12 = 2*t - 3*o, 0 = -5*t + 7*o - f*o + 56. What is the highest common factor of 1284 and t?
12
Let a = 67 - 64. Suppose 8 = 5*b - a*g - 59, -2*b + 3*g + 34 = 0. Calculate the highest common divisor of 44 and b.
11
Let t = -8420 + 8426. What is the greatest common factor of 3282 and t?
6
Suppose -4*m + 12 = -2*a, -3*a - 5*m - 22 = -7*m. Let p be (a - -7)*5*56/(-5). What is the greatest common divisor of 32 and p?
8
Let z(s) = s + 20. Let m be z(8). Let q(r) = r**2 - 6*r - 30. Let i = 118 + -106. Let v be q(i). What is the greatest common factor of v and m?
14
Suppose -j + 13 + 14 = 0. Let m = -107 + 112. Suppose -y + 2*h + 11 = 0, 2*y + m*h + 14 = 3*y. What is the highest common divisor of j and y?
9
Let j be 2/(-1)*(-25)/10. Let q = j + 13. Suppose s + 45 - 171 = 0. What is the greatest common factor of s and q?
18
Suppose 2*k + 90 = -g, -g - 2*g - 269 = 5*k. Let i = g - -84. Let b be i/18*-12*261/12. What is the greatest common divisor of 29 and b?
29
Suppose 24 = 3*h - 6. Suppose 0 = 3*d - 4*y - 41, 3*d + y = 4*y + 39. Suppose 2*t = s + d, t - 5*s = 6*t + h. Calculate the highest common divisor of 6 and t.
3
Let a(g) = -2*g**3 + 5*g**2 - 14*g - 16. Let r be a(-5). What is the greatest common factor of 312 and r?
39
Suppose -71*c = -126*c + 2494 + 531. Let f be 4/(12/55)*6. What is the highest common divisor of c and f?
55
Let o be (1 - 4/(-12)) + 16/24. Suppose -5*i + 5*a = -205, -o*a - 2*a = 20. Calculate the highest common divisor of i and 84.
12
Suppose 0 = 5*i + 602 + 808. Let b be (i/24 + 0)/(1/(-12)). Calculate the greatest common divisor of 94 and b.
47
Let u be (-6)/(36/798)*(-7 + 2). What is the highest common divisor of 760 and u?
95
Let v(k) = -18*k**3 + 6*k**2 + 6*k + 86. Let g be v(-5). What is the greatest common divisor of g and 16?
8
Suppose 0 = -29*c + 23*c + 450. Suppose 9 = 14*m - c. What is the highest common factor of m and 4?
2
Let g(f) = 2*f**2 + 5*f + 3. Let q be g(-4). Let i be (4/6 - 3372/(-45)) + 741/(-1235). What is the highest common factor of q and i?
15
Let z(q) = 3*q**3 + 38*q - 76. Let x be z(2). What is the highest common factor of x and 10752?
24
Suppose -u + 1060 = -235*k + 236*k, 2*u = -4*k + 2132. Calculate the greatest common divisor of u and 248.
62
Let y(j) = 440*j - 426*j + 3*j**3 - 3*j**3 - 5*j**3 - 6*j**2 + 4*j**3 + 18. Let p be y(-9). What is the highest common factor of 75 and p?
15
Suppose -10*p = -2*p - 24. Suppose -5*l - 125 = -6*t + t, -5*t - p*l + 117 = 0. Calculate the greatest common divisor of t and 216.
24
Let r(k) = 2*k**2 - 5*k - 1. Let u be r(-2). Let h = -46 + u. Let y be h*(1 - -10)*-1. What is the greatest common divisor of 29 and y?
29
Suppose 52 = u - 124. Suppose -3*j - 2*v = -u, 5*v - 3 - 17 = 0. Calculate the highest common factor of 7 and j.
7
Let b = 4869 - 4451. Let d = 12 - 7. Let m be ((-38)/(-5))/(1/d). What is the greatest common divisor of m and b?
38
Suppose -416*j + 402*j + 812 = 0. Calculate the highest common divisor of 77 and j.
1
Let s(h) = -6*h - 4. Let x be 75/(-65) + (-4)/(-26). Let n be s(x). Calculate the greatest common factor of 50 and n.
2
Let n be 14/1 - (-12 - -16). Let l be (7/(-5))/((-2)/n). Suppose 43*b - 5*x - 179 = 41*b, -5*x - 25 = 0. Calculate the highest common factor of l and b.
7
Suppose 280*a - 4584614 - 760586 = 0. What is the greatest common divisor of 46 and a?
46
Suppose -3*l - 4*q = -780, 3*l + l - 4*q - 1012 = 0. Suppose 2*t - 2 = 0, -10*k - l = -13*k - t. What is the highest common divisor of 17 and k?
17
Suppose -51*r - 90486 + 412398 = 0. Calculate the highest common factor of 24 and r.
24
Let z be (0 - 2/(-8)) + (-2158)/(-8). Suppose 3*x + 9 = 5*n - 0, 4*n = -5*x + 22. Let j be (0 + 6)*10/x. What is the greatest common divisor of z and j?
30
Let d be (-9)/6 + 926/4. What is the greatest common factor of d and 100?
10
Let k = 73 + -68. Suppose -8*y + k*y + 6 = 0. Suppose -y = -3*n + 31. Calculate the highest common factor of n and 77.
11
Suppose 0 = -82*k + 83*k + 1. Let w be (k/(-2))/((-39)/(-5772)). Calculate the greatest common factor of w and 111.
37
Suppose 19761 = 4*o - 5*a, 3*o + 4*a - 14760 = a. Calculate the greatest common divisor of 689 and o.
53
Let c be -10 + 48/5 - 777/(-5). What is the greatest common factor of 6355 and c?
155
Suppose -3*w - 35342 = 49756. Let h be (-4)/(-14) - w/91. Calculate the greatest common factor of h and 24.
24
Let o(c) = -1639*c**3 - 2*c**2 + 12*c + 13. Let t be o(-1). Calculate the greatest common divisor of 756 and t.
126
Suppose 6*q - 4*q - 1054 = 0. Let s be ((-1 - -3) + 66)/(426/213). What is the highest common factor of q and s?
17
Let z(i) = 16*i**2 + 93*i - 633. Let m be z(10). What is the greatest common divisor of 7 and m?
7
Suppose 20 = -4*l - 100. Let g = 33 + l. Suppose -4*x = x + 10, -2*d + g*x + 182 = 0. Calculate the greatest common factor of 132 and d.
44
Let d = -17314 - -17333. Calculate the highest common divisor of 2432 and d.
19
Let n(k) = -598*k + 658. Let t be n(1). What is the highest common factor of t and 6780?
60
Let u = 3 - -3. Let d(o) = 13*o - 7. Suppose s + 2*s - 3 = 0. Let a be d(s). Calculate the highest common factor of a and u.
6
Suppose -54*o + 3295 + 3812 = 15*o. Calculate the greatest common divisor of o and 31621.
103
Suppose 0 = 519*r - 70498 - 208670 - 24447. Let p = 40 - 10. What is the greatest common factor of r and p?
15
Let c = 24 - -150. Suppose -p + 109 = -z, 0 = 3*p + 5*z - 113 - c. Calculate the greatest common divisor of 52 and p.
52
Let y(o) = 144*o + 1932. Let g be y(-13). Calculate the highest common divisor of 15 and g.
15
Let y be -4*(-7)/(-14)*1*-5. Let k(d) = 28*d**3 + 3*d**2 - 3*d. Let a be k(2). What is the greatest common divisor of a and y?
10
Let l be 1060/(-1590) + (-72118)/(-6). Calculate the highest common divisor of 595 and l.
119
Suppose -21*n = -25*n - 100. Let b be (8/(-20))/((-5)/25). Let m be (50/3)/b*(-75)/n. Calculate the greatest common factor of m and 5.
5
Suppose 0 = -2*k - 5*i - 20, -5*k - 5*i = 413 - 423. Calculate the greatest common divisor of 1735 and k.
5
Let r = 11909 + -4124. What is the highest common divisor of r and 36?
9
Let w(f) = -f**3 - 3*f**2 + 2*f + 4. Let r be w(-5). Suppose 0 = 26*g + 3737 + 5909. Let q = 481 + g. Calculate the highest common factor of q and r.
22
Let w(y) = -y**2 - y. Let v be w(-1). Suppose -i - 10 + 3 = v. Let a(d) = d**2 + 5*d + 11. Let p be a(i). Calculate the highest common factor of 50 and p.
25
Suppose -64*v + 58*v = 180. Let m = v + 41. What is the highest common factor of m and 44?
11
Let d(i) = -i + 42. Let t(y) = -2*y**2 - 10*y - 1. Let n be t(-2). Let x be d(n). What is the greatest common divisor of x and 93?
31
Suppose g 